{"id":344,"date":"2013-06-26T18:09:42","date_gmt":"2013-06-26T17:09:42","guid":{"rendered":"http:\/\/www.psukelogos.com\/eon\/?page_id=344"},"modified":"2013-11-23T01:08:34","modified_gmt":"2013-11-23T00:08:34","slug":"plantes-sauvages","status":"publish","type":"page","link":"https:\/\/www.psukelogos.com\/eon\/jardin-et-permaculture-2\/plantes\/plantes-sauvages\/","title":{"rendered":"Plantes sauvages"},"content":{"rendered":"<p><strong>Liste et fiches des plantes class\u00e9es par famille :<\/strong><\/p>\n<p><strong>Adoxaceae :<\/strong><\/p>\n<p>La famille des Adoxac\u00e9es est une famille de plantes dicotyl\u00e9dones qui comprend 3 \u00e0 5 genres.<\/p>\n<p>Ce sont des arbustes ou de petites plantes herbac\u00e9es rhizomateuses des sous-bois des r\u00e9gions temp\u00e9r\u00e9es. Cette famille est repr\u00e9sent\u00e9e en France par l&rsquo;adoxe moscatelline les sureaux et les viornes.<\/p>\n<p>La classification phylog\u00e9n\u00e9tique l&rsquo;a d&rsquo;abord d\u00e9plac\u00e9e parmi les familles assign\u00e9es directement au groupe des Campanulid\u00e9es (euasterids II) (1998).<\/p>\n<p>Elle est \u00e0 nouveau rang\u00e9e dans l&rsquo;ordre des Dipsacales par la classification phylog\u00e9n\u00e9tique APG II (2003). Aujourd&rsquo;hui se sont ajout\u00e9s les genres Sambucus et Viburnum, parfois plac\u00e9s parmi les Caprifoliac\u00e9es. Les Adoxac\u00e9es comptent maintenant environ 200 esp\u00e8ces, en cinq genres.<\/p>\n<p><img decoding=\"async\" src=\"https:\/\/lh3.googleusercontent.com\/-4-WIgaVOLqI\/UcuIkyjEM4I\/AAAAAAAAAPU\/u94Ns_UBwNw\/w125-h83-no\/Vignette_Sureau-ombelle.jpg\"\/><br \/>\n<strong><a href=\"http:\/\/www.psukelogos.com\/eon\/sureau-noir-sambucus-nigra-l\/\" title=\"Sureau noir (Sambucus nigra L.)\">Sureau noir (Sambucus nigra L.)<\/a><\/strong><\/p>\n<p><strong>Lamiaceae :<\/strong><\/p>\n<p>Les Lamiaceae ou Labiatae (Lamiac\u00e9es, Labiac\u00e9es ou Labi\u00e9es) sont une importante famille de plantes dicotyl\u00e9dones qui comprend environ 6 000 esp\u00e8ces et pr\u00e8s de 210 genres.<\/p>\n<p>La famille des Dicrastylidiaceae (encore appel\u00e9e Chloanthaceae) y est incorpor\u00e9e par la classification phylog\u00e9n\u00e9tique. Ce sont 11 genres d&rsquo;arbustes des r\u00e9gions tropicales d&rsquo;Afrique de l&rsquo;Est, de Madagascar, des Mascareignes, d&rsquo;Australie et des \u00celes du Pacifique.<\/p>\n<p>Certains genres provenant de la famille des Verbenaceae y sont maintenant incorpor\u00e9s.<\/p>\n<p><img decoding=\"async\" src=\"https:\/\/lh6.googleusercontent.com\/-KLIIoiJnPX4\/UcuH7og4qZI\/AAAAAAAAAPE\/OWx3sgrgSfo\/w125-h83-no\/Icon_Lierre-terrestre-fleur.jpg\" alt=\"Lierre terrestre icon\" \/><br \/>\n<a href=\"http:\/\/www.psukelogos.com\/eon\/lierre-terrestre-glechoma-hederacea-l\/\" title=\"Lierre terrestre (Glechoma hederacea L.)\"><strong>Lierre terrestre (Glechoma hederacea L.)<\/strong><\/a><\/p>\n<p><strong>Polygonac\u00e9es :<\/strong><\/p>\n<p><img decoding=\"async\" src=\"https:\/\/lh6.googleusercontent.com\/-wq4mQpImeSM\/UjPFgYozTTI\/AAAAAAAAAmM\/KG7EhwnRMpQ\/w125-h83-no\/Vignette_renouee-bistorte.jpg\" alt=\"Renou\u00e9e bistorte\" \/><br \/>\n<a href=\"http:\/\/www.psukelogos.com\/eon\/renouee-bistorte-polygonum-bistorta\/\" title=\"Renou\u00e9e bistorte (polygonum bistorta)\"><strong>Renou\u00e9e bistorte (Polygonum bistorta)<\/strong><\/a><\/p>\n<p><strong>Solanac\u00e9es :<\/strong><\/p>\n<p><img decoding=\"async\" src=\"https:\/\/lh6.googleusercontent.com\/-eXCZuFvdu-A\/Ukitq5BCyBI\/AAAAAAAAA0Y\/0bDhu916AVw\/w125-h83-no\/Vignette_Morelle-noire.jpg\" alt=Morelle noire\"\/><br \/>\n<a href=\"http:\/\/www.psukelogos.com\/eon\/morelle-noire-solanum-nigrum\/\" title=\"Morelle noire (Solanum nigrum)\"><strong>Morelle noire (Solanum nigrum)<\/strong><\/a><\/p>\n<p>________________________________________________________________________________________<\/p>\n","protected":false},"excerpt":{"rendered":"<p>Liste et fiches des plantes class\u00e9es par famille : Adoxaceae : La famille des Adoxac\u00e9es est une famille de plantes dicotyl\u00e9dones qui comprend 3 \u00e0 5 genres. Ce sont des arbustes ou de petites plantes herbac\u00e9es rhizomateuses des sous-bois des r\u00e9gions temp\u00e9r\u00e9es. Cette famille est repr\u00e9sent\u00e9e en France par l&rsquo;adoxe moscatelline les sureaux et les [&hellip;]<\/p>\n","protected":false},"author":1,"featured_media":400,"parent":59,"menu_order":0,"comment_status":"closed","ping_status":"closed","template":"","meta":[],"_links":{"self":[{"href":"https:\/\/www.psukelogos.com\/eon\/wp-json\/wp\/v2\/pages\/344"}],"collection":[{"href":"https:\/\/www.psukelogos.com\/eon\/wp-json\/wp\/v2\/pages"}],"about":[{"href":"https:\/\/www.psukelogos.com\/eon\/wp-json\/wp\/v2\/types\/page"}],"author":[{"embeddable":true,"href":"https:\/\/www.psukelogos.com\/eon\/wp-json\/wp\/v2\/users\/1"}],"replies":[{"embeddable":true,"href":"https:\/\/www.psukelogos.com\/eon\/wp-json\/wp\/v2\/comments?post=344"}],"version-history":[{"count":1,"href":"https:\/\/www.psukelogos.com\/eon\/wp-json\/wp\/v2\/pages\/344\/revisions"}],"predecessor-version":[{"id":1135,"href":"https:\/\/www.psukelogos.com\/eon\/wp-json\/wp\/v2\/pages\/344\/revisions\/1135"}],"up":[{"embeddable":true,"href":"https:\/\/www.psukelogos.com\/eon\/wp-json\/wp\/v2\/pages\/59"}],"wp:featuredmedia":[{"embeddable":true,"href":"https:\/\/www.psukelogos.com\/eon\/wp-json\/wp\/v2\/media\/400"}],"wp:attachment":[{"href":"https:\/\/www.psukelogos.com\/eon\/wp-json\/wp\/v2\/media?parent=344"}],"curies":[{"name":"wp","href":"https:\/\/api.w.org\/{rel}","templated":true}]}}