{"id":355,"date":"2013-06-26T18:19:40","date_gmt":"2013-06-26T17:19:40","guid":{"rendered":"http:\/\/www.psukelogos.com\/eon\/?page_id=355"},"modified":"2013-11-23T01:08:53","modified_gmt":"2013-11-23T00:08:53","slug":"annee-2012","status":"publish","type":"page","link":"https:\/\/www.psukelogos.com\/eon\/jardin-et-permaculture-2\/jardin-de-ville-potager\/annee-2012\/","title":{"rendered":"Ann\u00e9e 2012"},"content":{"rendered":"<p>Pr\u00e9sentation des projets 2012 et liste des articles correspondants \u00e0 l&rsquo;\u00e9volution du jardin potager pendant cette ann\u00e9e<\/p>\n<p><strong><a href=\"http:\/\/www.psukelogos.com\/eon\/description-du-projet\/\" title=\"Description du projet\">Article retra\u00e7ant la pr\u00e9paration du terrain<\/a><\/strong> : <a href=\"http:\/\/www.psukelogos.com\/eon\/description-du-projet\/\" title=\"Description du projet\"><\/a><br \/>\nArticle sur les buttes en lasagne : <\/p>\n<p>_____________________________________________________________________________________________________<\/p>\n<p><img decoding=\"async\" loading=\"lazy\" src=\"http:\/\/www.psukelogos.com\/eon\/wp-content\/uploads\/2013\/06\/A_La-saison-en-images_Vignette.gif\" alt=\"A_La-saison-en-images_Vignette\" width=\"125\" height=\"83\" class=\"alignleft size-full wp-image-974\" \/><br \/>\n<a href=\"http:\/\/www.psukelogos.com\/eon\/la-saison-en-images\/\"><strong>La saison en images<\/strong><\/a><\/p>\n<p>_____________________________________________________________________________________________________<\/p>\n<p><img decoding=\"async\" loading=\"lazy\" src=\"http:\/\/www.psukelogos.com\/eon\/wp-content\/uploads\/2013\/10\/A_Buttes-en-lazagne_Vignette.gif\" alt=\"A_Buttes-en-lasagne_Vignette\" width=\"125\" height=\"83\" class=\"alignleft size-full wp-image-932\" \/><br \/>\n<a href=\"http:\/\/www.psukelogos.com\/eon\/buttes-en-lasagne\/\"><strong>Buttes en lasagne<\/strong><\/a><\/p>\n<p>_____________________________________________________________________________________________________<\/p>\n<p><img decoding=\"async\" loading=\"lazy\" src=\"http:\/\/www.psukelogos.com\/eon\/wp-content\/uploads\/2013\/10\/A_Plan-du-potager_Vignette.gif\" alt=\"A_Plan-du-potager_Vignette\" width=\"125\" height=\"83\" class=\"alignleft size-full wp-image-953\" \/><br \/>\n<a href=\"http:\/\/www.psukelogos.com\/eon\/plan-du-potager\/\"><strong>Plan du potager<\/strong><\/a><\/p>\n<p>_____________________________________________________________________________________________________<\/p>\n","protected":false},"excerpt":{"rendered":"<p>Pr\u00e9sentation des projets 2012 et liste des articles correspondants \u00e0 l&rsquo;\u00e9volution du jardin potager pendant cette ann\u00e9e Article retra\u00e7ant la pr\u00e9paration du terrain : Article sur les buttes en lasagne : _____________________________________________________________________________________________________ La saison en images _____________________________________________________________________________________________________ Buttes en lasagne _____________________________________________________________________________________________________ Plan du potager _____________________________________________________________________________________________________<\/p>\n","protected":false},"author":1,"featured_media":953,"parent":142,"menu_order":0,"comment_status":"closed","ping_status":"closed","template":"","meta":[],"_links":{"self":[{"href":"https:\/\/www.psukelogos.com\/eon\/wp-json\/wp\/v2\/pages\/355"}],"collection":[{"href":"https:\/\/www.psukelogos.com\/eon\/wp-json\/wp\/v2\/pages"}],"about":[{"href":"https:\/\/www.psukelogos.com\/eon\/wp-json\/wp\/v2\/types\/page"}],"author":[{"embeddable":true,"href":"https:\/\/www.psukelogos.com\/eon\/wp-json\/wp\/v2\/users\/1"}],"replies":[{"embeddable":true,"href":"https:\/\/www.psukelogos.com\/eon\/wp-json\/wp\/v2\/comments?post=355"}],"version-history":[{"count":1,"href":"https:\/\/www.psukelogos.com\/eon\/wp-json\/wp\/v2\/pages\/355\/revisions"}],"predecessor-version":[{"id":1138,"href":"https:\/\/www.psukelogos.com\/eon\/wp-json\/wp\/v2\/pages\/355\/revisions\/1138"}],"up":[{"embeddable":true,"href":"https:\/\/www.psukelogos.com\/eon\/wp-json\/wp\/v2\/pages\/142"}],"wp:featuredmedia":[{"embeddable":true,"href":"https:\/\/www.psukelogos.com\/eon\/wp-json\/wp\/v2\/media\/953"}],"wp:attachment":[{"href":"https:\/\/www.psukelogos.com\/eon\/wp-json\/wp\/v2\/media?parent=355"}],"curies":[{"name":"wp","href":"https:\/\/api.w.org\/{rel}","templated":true}]}}